est common factor of 36060402 and 1505.
301
What is the highest common divisor of 208 and 20926672?
208
Calculate the greatest common divisor of 7779 and 646678642.
2593
Calculate the greatest common factor of 747495266 and 1535.
307
Calculate the highest common divisor of 2613 and 1403103.
39
What is the greatest common divisor of 486450 and 3876075?
5175
Calculate the greatest common factor of 8 and 9476252.
4
Calculate the highest common factor of 14574075 and 513540.
4755
Calculate the greatest common factor of 352911 and 169.
13
What is the greatest common divisor of 6122 and 136786907?
3061
Calculate the highest common factor of 1760 and 2547680.
160
Calculate the highest common divisor of 35638 and 225158.
206
Calculate the highest common factor of 198208 and 836.
76
What is the greatest common divisor of 2954 and 557487?
7
Calculate the greatest common divisor of 192 and 6070578.
6
What is the greatest common divisor of 234865 and 592650?
2195
Calculate the highest common factor of 12 and 49443972.
12
Calculate the greatest common factor of 1734 and 1235118.
102
Calculate the greatest common factor of 6592680 and 1080.
360
Calculate the greatest common factor of 722 and 88713945.
361
Calculate the greatest common divisor of 119600 and 195.
65
What is the greatest common factor of 1003 and 518993?
17
Calculate the greatest common divisor of 11622 and 15179226.
894
Calculate the highest common divisor of 3342054 and 162.
6
What is the highest common factor of 234 and 111582?
18
What is the highest common factor of 3290076 and 1416?
708
What is the highest common factor of 1711558 and 124634?
1234
What is the highest common divisor of 583598 and 35638?
206
What is the greatest common divisor of 476011 and 25377?
769
What is the greatest common divisor of 678150656 and 48?
16
Calculate the greatest common divisor of 14 and 1793486.
2
Calculate the greatest common divisor of 113912 and 460520.
232
What is the greatest common factor of 13072518 and 136278?
2034
What is the highest common divisor of 37520 and 6361985?
2345
What is the greatest common factor of 277364 and 196?
4
What is the highest common factor of 85 and 788680745?
85
What is the greatest common divisor of 1497 and 392171086?
499
What is the greatest common divisor of 108 and 2712636?
108
Calculate the highest common factor of 138 and 221671194.
138
Calculate the highest common factor of 139292 and 1238108.
388
Calculate the highest common factor of 70679042 and 35.
7
Calculate the greatest common divisor of 8 and 4237496.
8
What is the highest common divisor of 232 and 786538?
58
What is the highest common factor of 36477 and 165354?
21
What is the greatest common divisor of 4207788 and 16428?
444
What is the highest common divisor of 342340 and 2720?
20
What is the highest common divisor of 1038726 and 74691?
1737
What is the greatest common factor of 133919643 and 171424?
5357
What is the highest common divisor of 3134960 and 20?
20
What is the greatest common divisor of 439940908 and 4642?
4642
What is the highest common factor of 18536285 and 26035?
635
Calculate the greatest common factor of 1147 and 1785383.
31
What is the highest common factor of 565 and 281075?
5
What is the highest common factor of 7949610 and 540?
270
What is the greatest common divisor of 9480 and 709146660?
4740
What is the highest common divisor of 129 and 32094168?
129
What is the greatest common divisor of 504452 and 258548?
436
What is the highest common factor of 88095705 and 1110?
555
What is the highest common divisor of 28954984 and 1016?
1016
Calculate the highest common factor of 327270490 and 610.
610
What is the highest common divisor of 7557 and 840840?
33
Calculate the highest common factor of 1597273 and 19.
19
Calculate the greatest common divisor of 12 and 197258322.
6
Calculate the greatest common divisor of 11775 and 112569.
471
Calculate the greatest common factor of 1185 and 143133385.
395
What is the greatest common divisor of 16771 and 9184401?
31
Calculate the greatest common divisor of 420 and 81947040.
420
Calculate the highest common factor of 599594373 and 246.
123
What is the highest common divisor of 982733 and 467997?
607
Calculate the greatest common divisor of 364 and 634907.
91
Calculate the greatest common divisor of 61888 and 10015219.
967
What is the highest common divisor of 6037411 and 118?
59
Calculate the highest common divisor of 6320376 and 360.
72
What is the highest common factor of 33030 and 406344969?
3303
Calculate the highest common divisor of 2058642 and 392553.
1809
What is the highest common factor of 75 and 16610575?
25
What is the highest common factor of 7116544 and 12544?
256
What is the highest common divisor of 121465 and 150807?
17
What is the greatest common factor of 262472730 and 156?
78
What is the highest common factor of 29823232 and 1201?
1201
Calculate the greatest common divisor of 825824 and 12576.
4192
Calculate the highest common factor of 3484550088 and 18.
18
What is the highest common factor of 7080 and 2080?
40
Calculate the highest common divisor of 344723413 and 37.
37
Calculate the highest common factor of 1196383 and 3131.
31
What is the highest common factor of 1427929 and 66641?
647
Calculate the greatest common divisor of 169099 and 272.
17
What is the greatest common factor of 67602647 and 7?
7
Calculate the greatest common factor of 754 and 4813536.
754
What is the greatest common factor of 3916 and 26653?
11
What is the greatest common factor of 331424 and 5792?
32
Calculate the greatest common divisor of 1220 and 586790.
10
What is the highest common divisor of 1043068 and 6084?
676
What is the highest common factor of 1221 and 173826?
111
What is the greatest common divisor of 3226516 and 174628?
1172
Calculate the highest common divisor of 10292747 and 1076.
269
Calculate the greatest common divisor of 53844 and 1818.
6
What is the greatest common factor of 125 and 1116473?
1
What is the highest common divisor of 694 and 1163?
1
Calculate the greatest common factor of 91530 and 1636470.
270
Calculate the highest common factor of 559394 and 11703.
47
Calculate the highest common divisor of 5985 and 1104432.
399
Calculate the highest common factor of 364272 and 141888.
48
Calculate the greatest common divisor of 119 and 12561691.
17
What is the greatest common divisor of 43909101 and 27?
27
Calculate the highest common divisor of 1744 and 161172632.
872
What is the highest common divisor of 453999 and 4381?
13
What is the greatest common factor of 360627330 and 5274?
1758
Calculate the highest common divisor of 1039 and 556.
1
Calculate the highest common factor of 165622656 and 2688.
384
What is the highest common factor of 39817336 and 97?
97
Calculate the highest common factor of 169848 and 436078.
674
What is the greatest common factor of 698659 and 2954081?
2899
Calculate the highest common factor of 6827702 and 4690.
938
Calculate the greatest common divisor of 16064709 and 57.
57
Calculate the highest common divisor of 56388 and 911976.
444
What is the greatest common divisor of 35533200 and 160?
80
What is the highest common factor of 400938 and 145369?
19
Calculate the highest common factor of 1584 and 14272992.
144
Calculate the greatest common factor of 70453 and 38357911.
1499
What is the highest common divisor of 11130 and 133080?
30
What is the greatest common divisor of 228 and 2460196?
76
Calculate the greatest common divisor of 713 and 27146877.
23
What is the highest common divisor of 3848 and 531320?
296
What is the greatest common divisor of 132 and 19466808?
12
Calculate the greatest common divisor of 36 and 127011429.
9
Calculate the highest common factor of 24375 and 161625.
375
What is the greatest common divisor of 12600125 and 100?
25
What is the greatest common factor of 27160440 and 15?
15
Calculate the highest common divisor of 182262 and 571206.
222
What is the greatest common factor of 738451 and 57400?
287
What is the greatest common divisor of 9625 and 35378035?
385
What is the greatest common divisor of 2128 and 4494203?
133
Calculate the highest common factor of 10024136 and 2.
2
What is the greatest common divisor of 36 and 5512788?
36
What is the greatest common divisor 